{"id":712,"date":"2020-04-20T17:53:00","date_gmt":"2020-04-20T17:53:00","guid":{"rendered":"http:\/\/farrobinhas.cm-faro.pt\/?page_id=712"},"modified":"2024-10-02T10:11:50","modified_gmt":"2024-10-02T10:11:50","slug":"farrobinhas","status":"publish","type":"page","link":"https:\/\/farrobinhas.cm-faro.pt\/index.php\/farrobinhas\/","title":{"rendered":"Farrobinhas"},"content":{"rendered":"<div class=\"wpb-content-wrapper\"><p>[vc_section full_width=&#8221;stretch_row&#8221; el_id=&#8221;personagens&#8221;][vc_row full_width=&#8221;stretch_row&#8221;][vc_column][vc_empty_space height=&#8221;40px&#8221;][vc_custom_heading text=&#8221;Personagens&#8221; font_container=&#8221;tag:h1|text_align:center&#8221; google_fonts=&#8221;font_family:Boogaloo%3Aregular|font_style:400%20regular%3A400%3Anormal&#8221;][\/vc_column][\/vc_row][vc_row full_width=&#8221;stretch_row&#8221;][vc_column][vc_tta_tabs style=&#8221;flat&#8221; shape=&#8221;square&#8221; color=&#8221;white&#8221; spacing=&#8221;&#8221; alignment=&#8221;center&#8221; active_section=&#8221;1&#8243;][vc_tta_section title=&#8221;Afonso&#8221; tab_id=&#8221;afonso&#8221;][vc_row_inner][vc_column_inner width=&#8221;1\/2&#8243;][vc_single_image image=&#8221;1064&#8243; img_size=&#8221;large&#8221; alignment=&#8221;center&#8221; css=&#8221;&#8221;][\/vc_column_inner][vc_column_inner width=&#8221;1\/2&#8243;][vc_empty_space height=&#8221;50px&#8221;][vc_column_text css=&#8221;&#8221;]<span style=\"color: #282828;\"><strong>Afonso<\/strong> \u00e9 o irm\u00e3o g\u00e9meo de Ana, adora praticar desporto, \u00e9 destemido e r\u00e1pido, sempre pronto para uma aventura mais arriscada, mas tamb\u00e9m divertido e simp\u00e1tico \u00e9 muito amigo dos seus amigos.<\/span><\/p>\n<p><span style=\"color: #282828;\">Afonso gosta imenso de falar e age t\u00e3o r\u00e1pido quanto pode, por vezes sem pensar. A sua irrever\u00eancia por vezes tamb\u00e9m lhe traz problemas, mas por outro lado a sua rapidez, coragem e aud\u00e1cia tamb\u00e9m acabam por ajudar os Farrobinhas a resolver situa\u00e7\u00f5es mais complicadas.<\/span>[\/vc_column_text][vc_btn title=&#8221;IN\u00cdCIO&#8221; style=&#8221;outline-custom&#8221; outline_custom_color=&#8221;#000000&#8243; outline_custom_hover_background=&#8221;#000000&#8243; outline_custom_hover_text=&#8221;#ffffff&#8221; shape=&#8221;square&#8221; align=&#8221;left&#8221; link=&#8221;url:http%3A%2F%2Ffarrobinhas.cm-faro.pt%2F|title:In%C3%ADcio||&#8221;][\/vc_column_inner][\/vc_row_inner][\/vc_tta_section][vc_tta_section title=&#8221;Ana&#8221; tab_id=&#8221;ana&#8221;][vc_row_inner][vc_column_inner width=&#8221;1\/2&#8243;][vc_single_image image=&#8221;1065&#8243; img_size=&#8221;large&#8221; alignment=&#8221;center&#8221;][\/vc_column_inner][vc_column_inner width=&#8221;1\/2&#8243;][vc_empty_space height=&#8221;50px&#8221;][vc_column_text css=&#8221;&#8221;]<span style=\"color: #282828;\"><strong>Ana<\/strong> \u00e9 a irm\u00e3 g\u00e9mea de Afonso, \u00e9 a menina do grupo, mas n\u00e3o menos destemida. Preza pela responsabilidade e sensatez, sem deixar de gostar de uma boa aventura e desafio.<\/span><\/p>\n<p><span style=\"color: #282828;\">De entre os Farrobinhas a Ana \u00e9 aquela que tenta manter a ordem e o equil\u00edbrio no grupo, estando sempre pronta para aconselhar e sugerir as op\u00e7\u00f5es mais adequadas. Apesar dessas qualidades \u00e9 tamb\u00e9m um pouco vaidosa e persistente, o que por vezes coloca o grupo em situa\u00e7\u00f5es mais delicadas pela sua teimosia, mas nada que com a ajuda dos restantes farrobinhas n\u00e3o consiga ultrapassar.<\/span>[\/vc_column_text][vc_btn title=&#8221;IN\u00cdCIO&#8221; style=&#8221;outline-custom&#8221; outline_custom_color=&#8221;#000000&#8243; outline_custom_hover_background=&#8221;#000000&#8243; outline_custom_hover_text=&#8221;#ffffff&#8221; shape=&#8221;square&#8221; align=&#8221;left&#8221; link=&#8221;url:http%3A%2F%2Ffarrobinhas.cm-faro.pt%2F|title:In%C3%ADcio||&#8221;][\/vc_column_inner][\/vc_row_inner][\/vc_tta_section][vc_tta_section title=&#8221;Eug\u00e9nio&#8221; tab_id=&#8221;eugenio&#8221;][vc_row_inner][vc_column_inner width=&#8221;1\/2&#8243;][vc_single_image image=&#8221;1066&#8243; img_size=&#8221;large&#8221; alignment=&#8221;center&#8221;][\/vc_column_inner][vc_column_inner width=&#8221;1\/2&#8243;][vc_empty_space height=&#8221;50px&#8221;][vc_column_text css=&#8221;&#8221;]<span style=\"color: #282828;\"><strong>Eug\u00e9nio<\/strong> \u00e9 o inventor sonhador que vive no mundo das engenhocas, muito estudioso e sabich\u00e3o, mas tamb\u00e9m muito distra\u00eddo. Anda sempre com o Farroba, o seu fiel amigo de quatro patas, que est\u00e1 sempre pronto para o acompanhar nas suas experi\u00eancias mirabolantes.<\/span><\/p>\n<p><span style=\"color: #282828;\">O Eug\u00e9nio \u00e9 o elemento do grupo que tenta resolver os problemas com as suas ideias e engenhocas, que tantas vezes ajudam como tamb\u00e9m complicam. Apesar de ser bastante focado em algumas mat\u00e9rias, como as ci\u00eancias e a tecnologia, parece no entanto que a sua cabe\u00e7a por vezes nada na lua.<\/span>[\/vc_column_text][vc_btn title=&#8221;IN\u00cdCIO&#8221; style=&#8221;outline-custom&#8221; outline_custom_color=&#8221;#000000&#8243; outline_custom_hover_background=&#8221;#000000&#8243; outline_custom_hover_text=&#8221;#ffffff&#8221; shape=&#8221;square&#8221; align=&#8221;left&#8221; link=&#8221;url:http%3A%2F%2Ffarrobinhas.cm-faro.pt%2F|title:In%C3%ADcio||&#8221;][\/vc_column_inner][\/vc_row_inner][\/vc_tta_section][vc_tta_section title=&#8221;Farroba&#8221; tab_id=&#8221;farroba&#8221;][vc_row_inner][vc_column_inner width=&#8221;1\/2&#8243;][vc_single_image image=&#8221;1067&#8243; img_size=&#8221;large&#8221; alignment=&#8221;center&#8221;][\/vc_column_inner][vc_column_inner width=&#8221;1\/2&#8243;][vc_empty_space height=&#8221;50px&#8221;][vc_column_text css=&#8221;&#8221;]<span style=\"color: #282828;\"><strong>Farroba<\/strong> \u00e9 um c\u00e3o de \u00e1gua, uma ra\u00e7a t\u00edpica algarvia, e que d\u00e1 o nome a este grupo de amigos. Amigo e brincalh\u00e3o, \u00e9 um fiel companheiro que acompanha sempre os tr\u00eas amigos, em todas as aventuras.<\/span><\/p>\n<p><span style=\"color: #282828;\">O Farroba \u00e9 o mais atrevido e curioso, a cada novo desafio que surge, ele \u00e9 o que est\u00e1 \u00e0 frente para ver o que se passa.<\/span>[\/vc_column_text][vc_btn title=&#8221;IN\u00cdCIO&#8221; style=&#8221;outline-custom&#8221; outline_custom_color=&#8221;#000000&#8243; outline_custom_hover_background=&#8221;#000000&#8243; outline_custom_hover_text=&#8221;#ffffff&#8221; shape=&#8221;square&#8221; align=&#8221;left&#8221; link=&#8221;url:http%3A%2F%2Ffarrobinhas.cm-faro.pt%2F|title:In%C3%ADcio||&#8221;][\/vc_column_inner][\/vc_row_inner][\/vc_tta_section][vc_tta_section title=&#8221;Av\u00f3 Lurdes&#8221; tab_id=&#8221;avo-lurdes&#8221;][vc_row_inner][vc_column_inner width=&#8221;1\/2&#8243;][vc_single_image image=&#8221;1068&#8243; img_size=&#8221;large&#8221; alignment=&#8221;center&#8221;][\/vc_column_inner][vc_column_inner width=&#8221;1\/2&#8243;][vc_empty_space height=&#8221;50px&#8221;][vc_column_text css=&#8221;&#8221;]<span style=\"color: #282828;\"><strong>Av\u00f3 Lurdes<\/strong> \u00e9 a av\u00f3 do Eug\u00e9nio, \u00e9 arque\u00f3loga, simp\u00e1tica, cuidadora, preocupada, compreensiva, divertida e adora contar uma boa hist\u00f3ria aos Farrobinhas.<\/span><\/p>\n<p><span style=\"color: #282828;\">Av\u00f3 Lurdes \u00e9 quem leva os Farrobinhas a visitar monumentos antigos da nossa terra. Foi com ela tamb\u00e9m que os Farrobinhas adoptaram o Farroba.<\/span>[\/vc_column_text][vc_btn title=&#8221;IN\u00cdCIO&#8221; style=&#8221;outline-custom&#8221; outline_custom_color=&#8221;#000000&#8243; outline_custom_hover_background=&#8221;#000000&#8243; outline_custom_hover_text=&#8221;#ffffff&#8221; shape=&#8221;square&#8221; align=&#8221;left&#8221; link=&#8221;url:http%3A%2F%2Ffarrobinhas.cm-faro.pt%2F|title:In%C3%ADcio||&#8221;][\/vc_column_inner][\/vc_row_inner][\/vc_tta_section][\/vc_tta_tabs][\/vc_column][\/vc_row][\/vc_section]<\/p>\n<\/div>","protected":false},"excerpt":{"rendered":"<p>[vc_section full_width=&#8221;stretch_row&#8221; el_id=&#8221;personagens&#8221;][vc_row full_width=&#8221;stretch_row&#8221;][vc_column][vc_empty_space height=&#8221;40px&#8221;][vc_custom_heading text=&#8221;Personagens&#8221; font_container=&#8221;tag:h1|text_align:center&#8221; google_fonts=&#8221;font_family:Boogaloo%3Aregular|font_style:400%20regular%3A400%3Anormal&#8221;][\/vc_column][\/vc_row][vc_row full_width=&#8221;stretch_row&#8221;][vc_column][vc_tta_tabs style=&#8221;flat&#8221; shape=&#8221;square&#8221; color=&#8221;white&#8221; spacing=&#8221;&#8221; alignment=&#8221;center&#8221; active_section=&#8221;1&#8243;][vc_tta_section title=&#8221;Afonso&#8221; tab_id=&#8221;afonso&#8221;][vc_row_inner][vc_column_inner width=&#8221;1\/2&#8243;][vc_single_image image=&#8221;1064&#8243; img_size=&#8221;large&#8221; alignment=&#8221;center&#8221; css=&#8221;&#8221;][\/vc_column_inner][vc_column_inner width=&#8221;1\/2&#8243;][vc_empty_space height=&#8221;50px&#8221;][vc_column_text css=&#8221;&#8221;]Afonso \u00e9 o irm\u00e3o g\u00e9meo de Ana, adora praticar desporto, \u00e9 destemido e r\u00e1pido, sempre pronto para uma aventura mais arriscada, mas tamb\u00e9m divertido e simp\u00e1tico \u00e9 muito amigo dos seus amigos. Afonso gosta imenso de falar e age t\u00e3o r\u00e1pido quanto pode, por vezes sem pensar. A sua irrever\u00eancia por vezes tamb\u00e9m lhe traz problemas, mas por outro lado a sua rapidez, coragem e aud\u00e1cia tamb\u00e9m acabam por ajudar os Farrobinhas a resolver situa\u00e7\u00f5es mais complicadas.[\/vc_column_text][vc_btn title=&#8221;IN\u00cdCIO&#8221; style=&#8221;outline-custom&#8221; outline_custom_color=&#8221;#000000&#8243; outline_custom_hover_background=&#8221;#000000&#8243; outline_custom_hover_text=&#8221;#ffffff&#8221; shape=&#8221;square&#8221; align=&#8221;left&#8221; link=&#8221;url:http%3A%2F%2Ffarrobinhas.cm-faro.pt%2F|title:In%C3%ADcio||&#8221;][\/vc_column_inner][\/vc_row_inner][\/vc_tta_section][vc_tta_section title=&#8221;Ana&#8221; tab_id=&#8221;ana&#8221;][vc_row_inner][vc_column_inner width=&#8221;1\/2&#8243;][vc_single_image image=&#8221;1065&#8243; img_size=&#8221;large&#8221; alignment=&#8221;center&#8221;][\/vc_column_inner][vc_column_inner width=&#8221;1\/2&#8243;][vc_empty_space height=&#8221;50px&#8221;][vc_column_text css=&#8221;&#8221;]Ana \u00e9 a irm\u00e3 g\u00e9mea de Afonso, \u00e9 a menina do grupo, mas n\u00e3o menos destemida. Preza pela responsabilidade e sensatez, sem deixar de gostar de uma boa aventura e desafio. De entre os Farrobinhas a Ana \u00e9 aquela que tenta manter a ordem e o equil\u00edbrio no grupo, estando sempre pronta para aconselhar e sugerir as op\u00e7\u00f5es mais adequadas. Apesar dessas qualidades \u00e9 tamb\u00e9m um pouco vaidosa e persistente, o que por vezes coloca o grupo em situa\u00e7\u00f5es mais delicadas pela sua&#8230;<\/p>\n","protected":false},"author":1,"featured_media":0,"parent":0,"menu_order":0,"comment_status":"closed","ping_status":"closed","template":"","meta":{"footnotes":""},"_links":{"self":[{"href":"https:\/\/farrobinhas.cm-faro.pt\/index.php\/wp-json\/wp\/v2\/pages\/712"}],"collection":[{"href":"https:\/\/farrobinhas.cm-faro.pt\/index.php\/wp-json\/wp\/v2\/pages"}],"about":[{"href":"https:\/\/farrobinhas.cm-faro.pt\/index.php\/wp-json\/wp\/v2\/types\/page"}],"author":[{"embeddable":true,"href":"https:\/\/farrobinhas.cm-faro.pt\/index.php\/wp-json\/wp\/v2\/users\/1"}],"replies":[{"embeddable":true,"href":"https:\/\/farrobinhas.cm-faro.pt\/index.php\/wp-json\/wp\/v2\/comments?post=712"}],"version-history":[{"count":46,"href":"https:\/\/farrobinhas.cm-faro.pt\/index.php\/wp-json\/wp\/v2\/pages\/712\/revisions"}],"predecessor-version":[{"id":2042,"href":"https:\/\/farrobinhas.cm-faro.pt\/index.php\/wp-json\/wp\/v2\/pages\/712\/revisions\/2042"}],"wp:attachment":[{"href":"https:\/\/farrobinhas.cm-faro.pt\/index.php\/wp-json\/wp\/v2\/media?parent=712"}],"curies":[{"name":"wp","href":"https:\/\/api.w.org\/{rel}","templated":true}]}}

<div class="wpb-content-wrapper"><p>[vc_section full_width=&#8221;stretch_row&#8221; el_id=&#8221;personagens&#8221;][vc_row full_width=&#8221;stretch_row&#8221;][vc_column][vc_empty_space height=&#8221;40px&#8221;][vc_custom_heading text=&#8221;Personagens&#8221; font_container=&#8221;tag:h1|text_align:center&#8221; google_fonts=&#8221;font_family:Boogaloo%3Aregular|font_style:400%20regular%3A400%3Anormal&#8221;][/vc_column][/vc_row][vc_row full_width=&#8221;stretch_row&#8221;][vc_column][vc_tta_tabs style=&#8221;flat&#8221; shape=&#8221;square&#8221; color=&#8221;white&#8221; spacing=&#8221;&#8221; alignment=&#8221;center&#8221; active_section=&#8221;1&#8243;][vc_tta_section title=&#8221;Afonso&#8221; tab_id=&#8221;afonso&#8221;][vc_row_inner][vc_column_inner width=&#8221;1/2&#8243;][vc_single_image image=&#8221;1064&#8243; img_size=&#8221;large&#8221; alignment=&#8221;center&#8221; css=&#8221;&#8221;][/vc_column_inner][vc_column_inner width=&#8221;1/2&#8243;][vc_empty_space height=&#8221;50px&#8221;][vc_column_text css=&#8221;&#8221;]<span style="color: #282828;"><strong>Afonso</strong> é o irmão gémeo de Ana, adora praticar desporto, é destemido e rápido, sempre pronto para uma aventura mais arriscada, mas também divertido e simpático é muito amigo dos seus amigos.</span></p>
<p><span style="color: #282828;">Afonso gosta imenso de falar e age tão rápido quanto pode, por vezes sem pensar. A sua irreverência por vezes também lhe traz problemas, mas por outro lado a sua rapidez, coragem e audácia também acabam por ajudar os Farrobinhas a resolver situações mais complicadas.</span>[/vc_column_text][vc_btn title=&#8221;INÍCIO&#8221; style=&#8221;outline-custom&#8221; outline_custom_color=&#8221;#000000&#8243; outline_custom_hover_background=&#8221;#000000&#8243; outline_custom_hover_text=&#8221;#ffffff&#8221; shape=&#8221;square&#8221; align=&#8221;left&#8221; link=&#8221;url:http%3A%2F%2Ffarrobinhas.cm-faro.pt%2F|title:In%C3%ADcio||&#8221;][/vc_column_inner][/vc_row_inner][/vc_tta_section][vc_tta_section title=&#8221;Ana&#8221; tab_id=&#8221;ana&#8221;][vc_row_inner][vc_column_inner width=&#8221;1/2&#8243;][vc_single_image image=&#8221;1065&#8243; img_size=&#8221;large&#8221; alignment=&#8221;center&#8221;][/vc_column_inner][vc_column_inner width=&#8221;1/2&#8243;][vc_empty_space height=&#8221;50px&#8221;][vc_column_text css=&#8221;&#8221;]<span style="color: #282828;"><strong>Ana</strong> é a irmã gémea de Afonso, é a menina do grupo, mas não menos destemida. Preza pela responsabilidade e sensatez, sem deixar de gostar de uma boa aventura e desafio.</span></p>
<p><span style="color: #282828;">De entre os Farrobinhas a Ana é aquela que tenta manter a ordem e o equilíbrio no grupo, estando sempre pronta para aconselhar e sugerir as opções mais adequadas. Apesar dessas qualidades é também um pouco vaidosa e persistente, o que por vezes coloca o grupo em situações mais delicadas pela sua teimosia, mas nada que com a ajuda dos restantes farrobinhas não consiga ultrapassar.</span>[/vc_column_text][vc_btn title=&#8221;INÍCIO&#8221; style=&#8221;outline-custom&#8221; outline_custom_color=&#8221;#000000&#8243; outline_custom_hover_background=&#8221;#000000&#8243; outline_custom_hover_text=&#8221;#ffffff&#8221; shape=&#8221;square&#8221; align=&#8221;left&#8221; link=&#8221;url:http%3A%2F%2Ffarrobinhas.cm-faro.pt%2F|title:In%C3%ADcio||&#8221;][/vc_column_inner][/vc_row_inner][/vc_tta_section][vc_tta_section title=&#8221;Eugénio&#8221; tab_id=&#8221;eugenio&#8221;][vc_row_inner][vc_column_inner width=&#8221;1/2&#8243;][vc_single_image image=&#8221;1066&#8243; img_size=&#8221;large&#8221; alignment=&#8221;center&#8221;][/vc_column_inner][vc_column_inner width=&#8221;1/2&#8243;][vc_empty_space height=&#8221;50px&#8221;][vc_column_text css=&#8221;&#8221;]<span style="color: #282828;"><strong>Eugénio</strong> é o inventor sonhador que vive no mundo das engenhocas, muito estudioso e sabichão, mas também muito distraído. Anda sempre com o Farroba, o seu fiel amigo de quatro patas, que está sempre pronto para o acompanhar nas suas experiências mirabolantes.</span></p>
<p><span style="color: #282828;">O Eugénio é o elemento do grupo que tenta resolver os problemas com as suas ideias e engenhocas, que tantas vezes ajudam como também complicam. Apesar de ser bastante focado em algumas matérias, como as ciências e a tecnologia, parece no entanto que a sua cabeça por vezes nada na lua.</span>[/vc_column_text][vc_btn title=&#8221;INÍCIO&#8221; style=&#8221;outline-custom&#8221; outline_custom_color=&#8221;#000000&#8243; outline_custom_hover_background=&#8221;#000000&#8243; outline_custom_hover_text=&#8221;#ffffff&#8221; shape=&#8221;square&#8221; align=&#8221;left&#8221; link=&#8221;url:http%3A%2F%2Ffarrobinhas.cm-faro.pt%2F|title:In%C3%ADcio||&#8221;][/vc_column_inner][/vc_row_inner][/vc_tta_section][vc_tta_section title=&#8221;Farroba&#8221; tab_id=&#8221;farroba&#8221;][vc_row_inner][vc_column_inner width=&#8221;1/2&#8243;][vc_single_image image=&#8221;1067&#8243; img_size=&#8221;large&#8221; alignment=&#8221;center&#8221;][/vc_column_inner][vc_column_inner width=&#8221;1/2&#8243;][vc_empty_space height=&#8221;50px&#8221;][vc_column_text css=&#8221;&#8221;]<span style="color: #282828;"><strong>Farroba</strong> é um cão de água, uma raça típica algarvia, e que dá o nome a este grupo de amigos. Amigo e brincalhão, é um fiel companheiro que acompanha sempre os três amigos, em todas as aventuras.</span></p>
<p><span style="color: #282828;">O Farroba é o mais atrevido e curioso, a cada novo desafio que surge, ele é o que está à frente para ver o que se passa.</span>[/vc_column_text][vc_btn title=&#8221;INÍCIO&#8221; style=&#8221;outline-custom&#8221; outline_custom_color=&#8221;#000000&#8243; outline_custom_hover_background=&#8221;#000000&#8243; outline_custom_hover_text=&#8221;#ffffff&#8221; shape=&#8221;square&#8221; align=&#8221;left&#8221; link=&#8221;url:http%3A%2F%2Ffarrobinhas.cm-faro.pt%2F|title:In%C3%ADcio||&#8221;][/vc_column_inner][/vc_row_inner][/vc_tta_section][vc_tta_section title=&#8221;Avó Lurdes&#8221; tab_id=&#8221;avo-lurdes&#8221;][vc_row_inner][vc_column_inner width=&#8221;1/2&#8243;][vc_single_image image=&#8221;1068&#8243; img_size=&#8221;large&#8221; alignment=&#8221;center&#8221;][/vc_column_inner][vc_column_inner width=&#8221;1/2&#8243;][vc_empty_space height=&#8221;50px&#8221;][vc_column_text css=&#8221;&#8221;]<span style="color: #282828;"><strong>Avó Lurdes</strong> é a avó do Eugénio, é arqueóloga, simpática, cuidadora, preocupada, compreensiva, divertida e adora contar uma boa história aos Farrobinhas.</span></p>
<p><span style="color: #282828;">Avó Lurdes é quem leva os Farrobinhas a visitar monumentos antigos da nossa terra. Foi com ela também que os Farrobinhas adoptaram o Farroba.</span>[/vc_column_text][vc_btn title=&#8221;INÍCIO&#8221; style=&#8221;outline-custom&#8221; outline_custom_color=&#8221;#000000&#8243; outline_custom_hover_background=&#8221;#000000&#8243; outline_custom_hover_text=&#8221;#ffffff&#8221; shape=&#8221;square&#8221; align=&#8221;left&#8221; link=&#8221;url:http%3A%2F%2Ffarrobinhas.cm-faro.pt%2F|title:In%C3%ADcio||&#8221;][/vc_column_inner][/vc_row_inner][/vc_tta_section][/vc_tta_tabs][/vc_column][/vc_row][/vc_section]</p>
</div>

<p>[vc_section full_width=&#8221;stretch_row&#8221; el_id=&#8221;personagens&#8221;][vc_row full_width=&#8221;stretch_row&#8221;][vc_column][vc_empty_space height=&#8221;40px&#8221;][vc_custom_heading text=&#8221;Personagens&#8221; font_container=&#8221;tag:h1|text_align:center&#8221; google_fonts=&#8221;font_family:Boogaloo%3Aregular|font_style:400%20regular%3A400%3Anormal&#8221;][/vc_column][/vc_row][vc_row full_width=&#8221;stretch_row&#8221;][vc_column][vc_tta_tabs style=&#8221;flat&#8221; shape=&#8221;square&#8221; color=&#8221;white&#8221; spacing=&#8221;&#8221; alignment=&#8221;center&#8221; active_section=&#8221;1&#8243;][vc_tta_section title=&#8221;Afonso&#8221; tab_id=&#8221;afonso&#8221;][vc_row_inner][vc_column_inner width=&#8221;1/2&#8243;][vc_single_image image=&#8221;1064&#8243; img_size=&#8221;large&#8221; alignment=&#8221;center&#8221; css=&#8221;&#8221;][/vc_column_inner][vc_column_inner width=&#8221;1/2&#8243;][vc_empty_space height=&#8221;50px&#8221;][vc_column_text css=&#8221;&#8221;]Afonso é o irmão gémeo de Ana, adora praticar desporto, é destemido e rápido, sempre pronto para uma aventura mais arriscada, mas também divertido e simpático é muito amigo dos seus amigos. Afonso gosta imenso de falar e age tão rápido quanto pode, por vezes sem pensar. A sua irreverência por vezes também lhe traz problemas, mas por outro lado a sua rapidez, coragem e audácia também acabam por ajudar os Farrobinhas a resolver situações mais complicadas.[/vc_column_text][vc_btn title=&#8221;INÍCIO&#8221; style=&#8221;outline-custom&#8221; outline_custom_color=&#8221;#000000&#8243; outline_custom_hover_background=&#8221;#000000&#8243; outline_custom_hover_text=&#8221;#ffffff&#8221; shape=&#8221;square&#8221; align=&#8221;left&#8221; link=&#8221;url:http%3A%2F%2Ffarrobinhas.cm-faro.pt%2F|title:In%C3%ADcio||&#8221;][/vc_column_inner][/vc_row_inner][/vc_tta_section][vc_tta_section title=&#8221;Ana&#8221; tab_id=&#8221;ana&#8221;][vc_row_inner][vc_column_inner width=&#8221;1/2&#8243;][vc_single_image image=&#8221;1065&#8243; img_size=&#8221;large&#8221; alignment=&#8221;center&#8221;][/vc_column_inner][vc_column_inner width=&#8221;1/2&#8243;][vc_empty_space height=&#8221;50px&#8221;][vc_column_text css=&#8221;&#8221;]Ana é a irmã gémea de Afonso, é a menina do grupo, mas não menos destemida. Preza pela responsabilidade e sensatez, sem deixar de gostar de uma boa aventura e desafio. De entre os Farrobinhas a Ana é aquela que tenta manter a ordem e o equilíbrio no grupo, estando sempre pronta para aconselhar e sugerir as opções mais adequadas. Apesar dessas qualidades é também um pouco vaidosa e persistente, o que por vezes coloca o grupo em situações mais delicadas pela sua&#8230;</p>
