{"id":2108,"date":"2025-06-01T10:00:09","date_gmt":"2025-06-01T10:00:09","guid":{"rendered":"https:\/\/farrobinhas.cm-faro.pt\/index.php\/?page_id=2108"},"modified":"2025-06-05T08:39:18","modified_gmt":"2025-06-05T08:39:18","slug":"uma-aventura-molecular","status":"publish","type":"page","link":"https:\/\/farrobinhas.cm-faro.pt\/index.php\/uma-aventura-molecular\/","title":{"rendered":"Uma Aventura Molecular!"},"content":{"rendered":"<div class=\"wpb-content-wrapper\"><p>[vc_section full_width=&#8221;stretch_row&#8221;][vc_row full_width=&#8221;stretch_row&#8221;][vc_column][vc_custom_heading text=&#8221;Uma Aventura Molecular!&#8221; font_container=&#8221;tag:h1|text_align:center&#8221; google_fonts=&#8221;font_family:Boogaloo%3Aregular|font_style:400%20regular%3A400%3Anormal&#8221; css=&#8221;&#8221;][vc_column_text css=&#8221;&#8221;]<\/p>\n<p style=\"text-align: center;\"><strong>2025<\/strong><\/p>\n<p>[\/vc_column_text][\/vc_column][\/vc_row][vc_row full_width=&#8221;stretch_row&#8221; el_id=&#8221;computer + mobile&#8221;][vc_column width=&#8221;1\/2&#8243; offset=&#8221;vc_hidden-md vc_hidden-sm&#8221;][vc_single_image image=&#8221;2109&#8243; img_size=&#8221;large&#8221; css=&#8221;&#8221;][\/vc_column][vc_column width=&#8221;1\/2&#8243; offset=&#8221;vc_hidden-md vc_hidden-sm&#8221;][vc_column_text css=&#8221;&#8221;]Logo pela manh\u00e3, os Farrobinhas, d\u00e3o conta dos efeitos da seca enquanto ajudam a av\u00f3 Lurdes na rega do quintal. O Eug\u00e9nio explica que o sistema de captura e armazenamento de \u00e1gua, desenvolvido por ele, tem ajudado a av\u00f3 na gest\u00e3o eficiente da \u00e1gua. \u00c9 gra\u00e7as \u00e0 sua inven\u00e7\u00e3o que ela consegue regar as plantas.<\/p>\n<p>J\u00e1 na escola e durante a aula de Educa\u00e7\u00e3o Ambiental discute-se sobre a seca no Algarve. A Ana e o Afonso definem estrat\u00e9gias para implementar uma campanha para a poupan\u00e7a de \u00e1gua. No entanto o Eug\u00e9nio prefere ir para a sua atividade extracurricular no Fagar LAB. Por meio de experi\u00eancias tenta criar uma mol\u00e9cula que, ao pulverizar as nuvens, provoque chuvas constantes, resolvendo assim o problema da falta de \u00e1gua.<\/p>\n<p>Empolgado com a sua cria\u00e7\u00e3o o Eug\u00e9nio chama os amigos. De seguida com o aux\u00edlio do bal\u00e3o de ar quente sobem at\u00e9 \u00e0s nuvens e largam ao vento as mol\u00e9culas superat\u00f3micas, expectantes com o que poder\u00e1 vir a acontecer.<\/p>\n<p>Para surpresa de todos, rapidamente aparecem nuvens escuras e come\u00e7a a chover suavemente. O problema foi que a chuva come\u00e7ou a cair cada vez mais forte e em algumas zonas acabou por entrar nas casas, arrastando mesas e cadeiras de esplanadas. Em p\u00e2nico resolvem pedir ajuda \u00e0 prima Mena que lhes explica que as cidades em geral est\u00e3o mal preparadas para grandes quantidades de \u00e1gua, pois o pavimento \u00e9 praticamente imperme\u00e1vel, diminuindo o escoamento e a infiltra\u00e7\u00e3o no solo.<\/p>\n<p>\u00c9 necess\u00e1rio criar canais de distribui\u00e7\u00e3o de \u00e1gua e conduzir o excesso de \u00e1gua para os parques e jardins por isso decidem chamar o Fagarbot, que rapidamente coloca m\u00e3os \u00e0 obra e permite que a cidade de Faro volte \u00e0 normalidade. Os Farrobinhas depois de quase transformarem Faro numa cidade subaqu\u00e1tica, enquanto tentavam resolver a seca, percebem que o mais sensato \u00e9 fazer um uso sustent\u00e1vel da \u00e1gua, poupando \u00e1gua nas tarefas di\u00e1rias.<\/p>\n<p>Assim, nesta aventura os Farrobinhas desafiam os efeitos da seca e mostram o qu\u00e3o importante \u00e9 fazer uma boa gest\u00e3o da \u00e1gua.[\/vc_column_text][vc_row_inner][vc_column_inner width=&#8221;1\/4&#8243;][vc_btn title=&#8221;IN\u00cdCIO&#8221; style=&#8221;outline-custom&#8221; outline_custom_color=&#8221;#000000&#8243; outline_custom_hover_background=&#8221;#000000&#8243; outline_custom_hover_text=&#8221;#ffffff&#8221; shape=&#8221;square&#8221; align=&#8221;center&#8221; button_block=&#8221;true&#8221; link=&#8221;url:https%3A%2F%2Ffarrobinhas.cm-faro.pt%2F|title:In%C3%ADcio||&#8221;][\/vc_column_inner][vc_column_inner width=&#8221;1\/4&#8243;][vc_btn title=&#8221;VER LIVRO&#8221; style=&#8221;outline-custom&#8221; outline_custom_color=&#8221;#000000&#8243; outline_custom_hover_background=&#8221;#000000&#8243; outline_custom_hover_text=&#8221;#ffffff&#8221; shape=&#8221;square&#8221; align=&#8221;center&#8221; css=&#8221;&#8221; button_block=&#8221;true&#8221; link=&#8221;url:https%3A%2F%2Ffarrobinhas.cm-faro.pt%2Fuma-aventura-molecular%2F%23livro&#8221;][\/vc_column_inner][vc_column_inner width=&#8221;1\/2&#8243;][vc_btn title=&#8221;DESCARREGAR LIVRO&#8221; style=&#8221;outline-custom&#8221; outline_custom_color=&#8221;#000000&#8243; outline_custom_hover_background=&#8221;#000000&#8243; outline_custom_hover_text=&#8221;#ffffff&#8221; shape=&#8221;square&#8221; align=&#8221;center&#8221; css=&#8221;&#8221; button_block=&#8221;true&#8221; link=&#8221;url:https%3A%2F%2Ffarrobinhas.cm-faro.pt%2Fwp-content%2Fuploads%2F2025%2F04%2F19_UmaAventuraMolecular_DescarregarLivro.pdf&#8221;][\/vc_column_inner][\/vc_row_inner][\/vc_column][\/vc_row][vc_row full_width=&#8221;stretch_row&#8221; el_id=&#8221;pc&#8221;][vc_column width=&#8221;1\/2&#8243; offset=&#8221;vc_hidden-lg vc_hidden-sm vc_hidden-xs&#8221;][vc_single_image image=&#8221;2109&#8243; img_size=&#8221;large&#8221; css=&#8221;&#8221;][\/vc_column][vc_column width=&#8221;1\/2&#8243; offset=&#8221;vc_hidden-lg vc_hidden-sm vc_hidden-xs&#8221;][vc_column_text css=&#8221;.vc_custom_1746433121435{margin-bottom: 15px !important;}&#8221;]Logo pela manh\u00e3, os Farrobinhas, d\u00e3o conta dos efeitos da seca enquanto ajudam a av\u00f3 Lurdes na rega do quintal. O Eug\u00e9nio explica que o sistema de captura e armazenamento de \u00e1gua, desenvolvido por ele, tem ajudado a av\u00f3 na gest\u00e3o eficiente da \u00e1gua. \u00c9 gra\u00e7as \u00e0 sua inven\u00e7\u00e3o que ela consegue regar as plantas.<\/p>\n<p>J\u00e1 na escola e durante a aula de Educa\u00e7\u00e3o Ambiental discute-se sobre a seca no Algarve. A Ana e o Afonso definem estrat\u00e9gias para implementar uma campanha para a poupan\u00e7a de \u00e1gua. No entanto o Eug\u00e9nio prefere ir para a sua atividade extracurricular no Fagar LAB. Por meio de experi\u00eancias tenta criar uma mol\u00e9cula que, ao pulverizar as nuvens, provoque chuvas constantes, resolvendo assim o problema da falta de \u00e1gua.<\/p>\n<p>Empolgado com a sua cria\u00e7\u00e3o o Eug\u00e9nio chama os amigos. De seguida com o aux\u00edlio do bal\u00e3o de ar quente sobem at\u00e9 \u00e0s nuvens e largam ao vento as mol\u00e9culas superat\u00f3micas, expectantes com o que poder\u00e1 vir a acontecer.[\/vc_column_text][\/vc_column][vc_column offset=&#8221;vc_hidden-lg vc_hidden-sm vc_hidden-xs&#8221;][vc_column_text css=&#8221;.vc_custom_1746433126181{margin-top: 0px !important;}&#8221;]Para surpresa de todos, rapidamente aparecem nuvens escuras e come\u00e7a a chover suavemente. O problema foi que a chuva come\u00e7ou a cair cada vez mais forte e em algumas zonas acabou por entrar nas casas, arrastando mesas e cadeiras de esplanadas. Em p\u00e2nico resolvem pedir ajuda \u00e0 prima Mena que lhes explica que as cidades em geral est\u00e3o mal preparadas para grandes quantidades de \u00e1gua, pois o pavimento \u00e9 praticamente imperme\u00e1vel, diminuindo o escoamento e a infiltra\u00e7\u00e3o no solo.<\/p>\n<p>\u00c9 necess\u00e1rio criar canais de distribui\u00e7\u00e3o de \u00e1gua e conduzir o excesso de \u00e1gua para os parques e jardins por isso decidem chamar o Fagarbot, que rapidamente coloca m\u00e3os \u00e0 obra e permite que a cidade de Faro volte \u00e0 normalidade. Os Farrobinhas depois de quase transformarem Faro numa cidade subaqu\u00e1tica, enquanto tentavam resolver a seca, percebem que o mais sensato \u00e9 fazer um uso sustent\u00e1vel da \u00e1gua, poupando \u00e1gua nas tarefas di\u00e1rias.<\/p>\n<p>Assim, nesta aventura os Farrobinhas desafiam os efeitos da seca e mostram o qu\u00e3o importante \u00e9 fazer uma boa gest\u00e3o da \u00e1gua.[\/vc_column_text][vc_row_inner][vc_column_inner width=&#8221;1\/4&#8243;][vc_btn title=&#8221;IN\u00cdCIO&#8221; style=&#8221;outline-custom&#8221; outline_custom_color=&#8221;#000000&#8243; outline_custom_hover_background=&#8221;#000000&#8243; outline_custom_hover_text=&#8221;#ffffff&#8221; shape=&#8221;square&#8221; align=&#8221;center&#8221; button_block=&#8221;true&#8221; link=&#8221;url:https%3A%2F%2Ffarrobinhas.cm-faro.pt%2F|title:In%C3%ADcio||&#8221;][\/vc_column_inner][vc_column_inner width=&#8221;1\/4&#8243;][vc_btn title=&#8221;VER LIVRO&#8221; style=&#8221;outline-custom&#8221; outline_custom_color=&#8221;#000000&#8243; outline_custom_hover_background=&#8221;#000000&#8243; outline_custom_hover_text=&#8221;#ffffff&#8221; shape=&#8221;square&#8221; align=&#8221;center&#8221; css=&#8221;&#8221; button_block=&#8221;true&#8221; link=&#8221;url:https%3A%2F%2Ffarrobinhas.cm-faro.pt%2Fuma-aventura-molecular%2F%23livro&#8221;][\/vc_column_inner][vc_column_inner width=&#8221;1\/2&#8243;][vc_btn title=&#8221;DESCARREGAR LIVRO&#8221; style=&#8221;outline-custom&#8221; outline_custom_color=&#8221;#000000&#8243; outline_custom_hover_background=&#8221;#000000&#8243; outline_custom_hover_text=&#8221;#ffffff&#8221; shape=&#8221;square&#8221; align=&#8221;center&#8221; css=&#8221;&#8221; button_block=&#8221;true&#8221; link=&#8221;url:https%3A%2F%2Ffarrobinhas.cm-faro.pt%2Fwp-content%2Fuploads%2F2025%2F04%2F19_UmaAventuraMolecular_DescarregarLivro.pdf&#8221;][\/vc_column_inner][\/vc_row_inner][\/vc_column][\/vc_row][vc_row full_width=&#8221;stretch_row&#8221; el_id=&#8221;tablet&#8221;][vc_column offset=&#8221;vc_hidden-lg vc_hidden-md vc_hidden-xs&#8221;][vc_row_inner][vc_column_inner width=&#8221;1\/6&#8243;][\/vc_column_inner][vc_column_inner width=&#8221;4\/6&#8243;][vc_single_image image=&#8221;2109&#8243; img_size=&#8221;large&#8221; css=&#8221;&#8221;][\/vc_column_inner][vc_column_inner width=&#8221;1\/6&#8243;][\/vc_column_inner][\/vc_row_inner][vc_column_text css=&#8221;&#8221;]Logo pela manh\u00e3, os Farrobinhas, d\u00e3o conta dos efeitos da seca enquanto ajudam a av\u00f3 Lurdes na rega do quintal. O Eug\u00e9nio explica que o sistema de captura e armazenamento de \u00e1gua, desenvolvido por ele, tem ajudado a av\u00f3 na gest\u00e3o eficiente da \u00e1gua. \u00c9 gra\u00e7as \u00e0 sua inven\u00e7\u00e3o que ela consegue regar as plantas.<\/p>\n<p>J\u00e1 na escola e durante a aula de Educa\u00e7\u00e3o Ambiental discute-se sobre a seca no Algarve. A Ana e o Afonso definem estrat\u00e9gias para implementar uma campanha para a poupan\u00e7a de \u00e1gua. No entanto o Eug\u00e9nio prefere ir para a sua atividade extracurricular no Fagar LAB. Por meio de experi\u00eancias tenta criar uma mol\u00e9cula que, ao pulverizar as nuvens, provoque chuvas constantes, resolvendo assim o problema da falta de \u00e1gua.<\/p>\n<p>Empolgado com a sua cria\u00e7\u00e3o o Eug\u00e9nio chama os amigos. De seguida com o aux\u00edlio do bal\u00e3o de ar quente sobem at\u00e9 \u00e0s nuvens e largam ao vento as mol\u00e9culas superat\u00f3micas, expectantes com o que poder\u00e1 vir a acontecer.<\/p>\n<p>Para surpresa de todos, rapidamente aparecem nuvens escuras e come\u00e7a a chover suavemente. O problema foi que a chuva come\u00e7ou a cair cada vez mais forte e em algumas zonas acabou por entrar nas casas, arrastando mesas e cadeiras de esplanadas. Em p\u00e2nico resolvem pedir ajuda \u00e0 prima Mena que lhes explica que as cidades em geral est\u00e3o mal preparadas para grandes quantidades de \u00e1gua, pois o pavimento \u00e9 praticamente imperme\u00e1vel, diminuindo o escoamento e a infiltra\u00e7\u00e3o no solo.<\/p>\n<p>\u00c9 necess\u00e1rio criar canais de distribui\u00e7\u00e3o de \u00e1gua e conduzir o excesso de \u00e1gua para os parques e jardins por isso decidem chamar o Fagarbot, que rapidamente coloca m\u00e3os \u00e0 obra e permite que a cidade de Faro volte \u00e0 normalidade. Os Farrobinhas depois de quase transformarem Faro numa cidade subaqu\u00e1tica, enquanto tentavam resolver a seca, percebem que o mais sensato \u00e9 fazer um uso sustent\u00e1vel da \u00e1gua, poupando \u00e1gua nas tarefas di\u00e1rias.<\/p>\n<p>Assim, nesta aventura os Farrobinhas desafiam os efeitos da seca e mostram o qu\u00e3o importante \u00e9 fazer uma boa gest\u00e3o da \u00e1gua.[\/vc_column_text][vc_row_inner][vc_column_inner width=&#8221;1\/4&#8243;][vc_btn title=&#8221;IN\u00cdCIO&#8221; style=&#8221;outline-custom&#8221; outline_custom_color=&#8221;#000000&#8243; outline_custom_hover_background=&#8221;#000000&#8243; outline_custom_hover_text=&#8221;#ffffff&#8221; shape=&#8221;square&#8221; align=&#8221;center&#8221; button_block=&#8221;true&#8221; link=&#8221;url:https%3A%2F%2Ffarrobinhas.cm-faro.pt%2F|title:In%C3%ADcio||&#8221;][\/vc_column_inner][vc_column_inner width=&#8221;1\/4&#8243;][vc_btn title=&#8221;VER LIVRO&#8221; style=&#8221;outline-custom&#8221; outline_custom_color=&#8221;#000000&#8243; outline_custom_hover_background=&#8221;#000000&#8243; outline_custom_hover_text=&#8221;#ffffff&#8221; shape=&#8221;square&#8221; align=&#8221;center&#8221; css=&#8221;&#8221; button_block=&#8221;true&#8221; link=&#8221;url:https%3A%2F%2Ffarrobinhas.cm-faro.pt%2Fuma-aventura-molecular%2F%23livro&#8221;][\/vc_column_inner][vc_column_inner width=&#8221;1\/2&#8243;][vc_btn title=&#8221;DESCARREGAR LIVRO&#8221; style=&#8221;outline-custom&#8221; outline_custom_color=&#8221;#000000&#8243; outline_custom_hover_background=&#8221;#000000&#8243; outline_custom_hover_text=&#8221;#ffffff&#8221; shape=&#8221;square&#8221; align=&#8221;center&#8221; css=&#8221;&#8221; button_block=&#8221;true&#8221; link=&#8221;url:https%3A%2F%2Ffarrobinhas.cm-faro.pt%2Fwp-content%2Fuploads%2F2025%2F04%2F19_UmaAventuraMolecular_DescarregarLivro.pdf&#8221;][\/vc_column_inner][\/vc_row_inner][\/vc_column][\/vc_row][\/vc_section][vc_section el_id=&#8221;livro&#8221;][vc_row][vc_column][vc_empty_space height=&#8221;40px&#8221;][vc_column_text css=&#8221;.vc_custom_1745311424187{padding-top: 0px !important;padding-right: 0px !important;padding-bottom: 0px !important;padding-left: 0px !important;}&#8221;]<div class=\"_df_book df-lite\" id=\"df_2116\"  _slug=\"uma-aventura-molecular\" data-title=\"uma-aventura-molecular\" wpoptions=\"true\" thumbtype=\"\" ><\/div><script class=\"df-shortcode-script\" nowprocket type=\"application\/javascript\">window.option_df_2116 = {\"outline\":[],\"autoEnableOutline\":\"false\",\"autoEnableThumbnail\":\"false\",\"overwritePDFOutline\":\"false\",\"direction\":\"1\",\"pageSize\":\"0\",\"source\":\"https:\\\/\\\/farrobinhas.cm-faro.pt\\\/wp-content\\\/uploads\\\/2025\\\/04\\\/19_UmaAventuraMolecular_VerLivro.pdf\",\"wpOptions\":\"true\"}; if(window.DFLIP && window.DFLIP.parseBooks){window.DFLIP.parseBooks();}<\/script>[\/vc_column_text][\/vc_column][\/vc_row][\/vc_section][vc_section full_width=&#8221;stretch_row&#8221; disable_element=&#8221;yes&#8221; el_id=&#8221;aventuras&#8221;][vc_row][vc_column][vc_empty_space height=&#8221;80px&#8221;][vc_custom_heading text=&#8221;As Aventuras&#8221; font_container=&#8221;tag:h1|text_align:center&#8221; google_fonts=&#8221;font_family:Boogaloo%3Aregular|font_style:400%20regular%3A400%3Anormal&#8221;][\/vc_column][\/vc_row][vc_row][vc_column][vc_column_text][evc_image_gallery type=&#8221;carousel&#8221; image_behavior=&#8221;overlay&#8221; number_of_visible_items=&#8221;5&#8243; carousel_autoplay=&#8221;no&#8221; image_size=&#8221;large&#8221; custom_links=&#8221;https:\/\/farrobinhas.cm-faro.pt\/uma-aventura-de-natal\/, https:\/\/farrobinhas.cm-faro.pt\/uma-grande-caofusao\/, https:\/\/farrobinhas.cm-faro.pt\/os-segredos-da-aldeia-de-estoi\/, https:\/\/farrobinhas.cm-faro.pt\/o-enigma-do-gnomo\/, https:\/\/farrobinhas.cm-faro.pt\/a-descoberta-da-agua\/, https:\/\/farrobinhas.cm-faro.pt\/era-uma-vez-a-origem\/, https:\/\/farrobinhas.cm-faro.pt\/a-grande-missao\/, https:\/\/farrobinhas.cm-faro.pt\/campeoes-intergalaticos\/, https:\/\/farrobinhas.cm-faro.pt\/uma-aventura-em-casa\/, https:\/\/farrobinhas.cm-faro.pt\/perdidos-no-oeste\/, https:\/\/farrobinhas.cm-faro.pt\/desafio-virtual\/, https:\/\/farrobinhas.cm-faro.pt\/um-presente-especial\/, https:\/\/farrobinhas.cm-faro.pt\/ciclo-das-cascas\/, https:\/\/farrobinhas.cm-faro.pt\/zooniverso\/, https:\/\/farrobinhas.cm-faro.pt\/o-talisma-misterioso\/, https:\/\/farrobinhas.cm-faro.pt\/operacao-resgate-do-pai-natal&#8221; images=&#8221;925,926,927,928,929,930,931,932,987,1159,1372,1389,1459,1573,1640,1747&#8243;][vc_empty_space height=&#8221;30px&#8221;][\/vc_column_text][\/vc_column][\/vc_row][\/vc_section]<\/p>\n<\/div>","protected":false},"excerpt":{"rendered":"<p>[vc_section full_width=&#8221;stretch_row&#8221;][vc_row full_width=&#8221;stretch_row&#8221;][vc_column][vc_custom_heading text=&#8221;Uma Aventura Molecular!&#8221; font_container=&#8221;tag:h1|text_align:center&#8221; google_fonts=&#8221;font_family:Boogaloo%3Aregular|font_style:400%20regular%3A400%3Anormal&#8221; css=&#8221;&#8221;][vc_column_text css=&#8221;&#8221;] 2025 [\/vc_column_text][\/vc_column][\/vc_row][vc_row full_width=&#8221;stretch_row&#8221; el_id=&#8221;computer + mobile&#8221;][vc_column width=&#8221;1\/2&#8243; offset=&#8221;vc_hidden-md vc_hidden-sm&#8221;][vc_single_image image=&#8221;2109&#8243; img_size=&#8221;large&#8221; css=&#8221;&#8221;][\/vc_column][vc_column width=&#8221;1\/2&#8243; offset=&#8221;vc_hidden-md vc_hidden-sm&#8221;][vc_column_text css=&#8221;&#8221;]Logo pela manh\u00e3, os Farrobinhas, d\u00e3o conta dos efeitos da seca enquanto ajudam a av\u00f3 Lurdes na rega do quintal. O Eug\u00e9nio explica que o sistema de captura e armazenamento de \u00e1gua, desenvolvido por ele, tem ajudado a av\u00f3 na gest\u00e3o eficiente da \u00e1gua. \u00c9 gra\u00e7as \u00e0 sua inven\u00e7\u00e3o que ela consegue regar as plantas. J\u00e1 na escola e durante a aula de Educa\u00e7\u00e3o Ambiental discute-se sobre a seca no Algarve. A Ana e o Afonso definem estrat\u00e9gias para implementar uma campanha para a poupan\u00e7a de \u00e1gua. No entanto o Eug\u00e9nio prefere ir para a sua atividade extracurricular no Fagar LAB. Por meio de experi\u00eancias tenta criar uma mol\u00e9cula que, ao pulverizar as nuvens, provoque chuvas constantes, resolvendo assim o problema da falta de \u00e1gua. Empolgado com a sua cria\u00e7\u00e3o o Eug\u00e9nio chama os amigos. De seguida com o aux\u00edlio do bal\u00e3o de ar quente sobem at\u00e9 \u00e0s nuvens e largam ao vento as mol\u00e9culas superat\u00f3micas, expectantes com o que poder\u00e1 vir a acontecer. Para surpresa de todos, rapidamente aparecem nuvens escuras e come\u00e7a a&#8230;<\/p>\n","protected":false},"author":1,"featured_media":0,"parent":0,"menu_order":0,"comment_status":"closed","ping_status":"closed","template":"","meta":{"footnotes":""},"_links":{"self":[{"href":"https:\/\/farrobinhas.cm-faro.pt\/index.php\/wp-json\/wp\/v2\/pages\/2108"}],"collection":[{"href":"https:\/\/farrobinhas.cm-faro.pt\/index.php\/wp-json\/wp\/v2\/pages"}],"about":[{"href":"https:\/\/farrobinhas.cm-faro.pt\/index.php\/wp-json\/wp\/v2\/types\/page"}],"author":[{"embeddable":true,"href":"https:\/\/farrobinhas.cm-faro.pt\/index.php\/wp-json\/wp\/v2\/users\/1"}],"replies":[{"embeddable":true,"href":"https:\/\/farrobinhas.cm-faro.pt\/index.php\/wp-json\/wp\/v2\/comments?post=2108"}],"version-history":[{"count":2,"href":"https:\/\/farrobinhas.cm-faro.pt\/index.php\/wp-json\/wp\/v2\/pages\/2108\/revisions"}],"predecessor-version":[{"id":2126,"href":"https:\/\/farrobinhas.cm-faro.pt\/index.php\/wp-json\/wp\/v2\/pages\/2108\/revisions\/2126"}],"wp:attachment":[{"href":"https:\/\/farrobinhas.cm-faro.pt\/index.php\/wp-json\/wp\/v2\/media?parent=2108"}],"curies":[{"name":"wp","href":"https:\/\/api.w.org\/{rel}","templated":true}]}}