{"id":1137,"date":"2021-01-01T10:00:50","date_gmt":"2021-01-01T10:00:50","guid":{"rendered":"http:\/\/farrobinhas.cm-faro.pt\/index.php\/?page_id=1137"},"modified":"2024-05-02T09:04:56","modified_gmt":"2024-05-02T09:04:56","slug":"perdidos-no-oeste","status":"publish","type":"page","link":"https:\/\/farrobinhas.cm-faro.pt\/index.php\/perdidos-no-oeste\/","title":{"rendered":"Perdidos no Oeste"},"content":{"rendered":"<div class=\"wpb-content-wrapper\"><p>[vc_section full_width=&#8221;stretch_row&#8221;][vc_row full_width=&#8221;stretch_row&#8221;][vc_column][vc_custom_heading text=&#8221;Perdidos no Oeste&#8221; font_container=&#8221;tag:h1|text_align:center&#8221; google_fonts=&#8221;font_family:Boogaloo%3Aregular|font_style:400%20regular%3A400%3Anormal&#8221;][vc_column_text css=&#8221;&#8221;]<\/p>\n<p style=\"text-align: center;\"><strong>2020<\/strong><\/p>\n<p>[\/vc_column_text][\/vc_column][\/vc_row][vc_row full_width=&#8221;stretch_row&#8221; el_id=&#8221;computer + mobile&#8221;][vc_column width=&#8221;1\/2&#8243; offset=&#8221;vc_hidden-md vc_hidden-sm&#8221;][vc_single_image image=&#8221;1159&#8243; img_size=&#8221;large&#8221;][\/vc_column][vc_column width=&#8221;1\/2&#8243; offset=&#8221;vc_hidden-md vc_hidden-sm&#8221;][vc_column_text]Os Farrobinhas estavam de regresso a Faro, depois de uma visita \u00e0 Tia Mimosa, que veio da Am\u00e9rica para passar o Natal com eles, quando, \u00e0 entrada da cidade, a entrada Faro-este, s\u00e3o surpreendidos por uma tempestade de areia. Rapidamente se d\u00e3o conta que foram transportados para o Oeste americano e a\u00ed conhecem Bella. Todos estavam perdidos devido \u00e0 tempestade de areia. Eug\u00e9nio tem uma ideia: o Farroba, com o seu faro, vai ajud\u00e1-los a encontrar algu\u00e9m! Ao caminharem pelo deserto s\u00e3o cercados por \u00edndios, que os levam para o seu acampamento. Quando l\u00e1 chegam tudo est\u00e1 destru\u00eddo: tendas e planta\u00e7\u00f5es. A tempestade de areia tamb\u00e9m ali fez estragos. Os \u00edndios reconhecem Bella, que \u00e9 filha do Xerife de Town e prometem lev\u00e1-los de volta no dia seguinte. Quando finalmente l\u00e1 chegam, os habitantes mostram-se apreensivos, mas o Xerife, muito grato por terem trazido a sua filha, pergunta ao Grande Chefe \u00c1guia-careca o que pode fazer para os ajudar. Ana tem uma ideia: porque n\u00e3o recolher roupas usadas para ajudar a refazer as tendas da tribo destru\u00eddas pela tempestade? O Xerife d\u00e1 o seu casaco e pede \u00e0 popula\u00e7\u00e3o que contribua tamb\u00e9m e muitas pe\u00e7as de roupa s\u00e3o colocadas na carruagem dos Farrobinhas. O Grande Chefe agradece e sela-se uma amizade entre os habitantes de Town e a tribo dos \u00edndios. Os Farrobinhas (com a ajuda de uma m\u00e1quina de costura inventada por Eug\u00e9nio) e um grupo de volunt\u00e1rios de Town criam bonitas e coloridas tendas novas e, para celebrar, fazem uma grande festa, que assinala aquele momento t\u00e3o especial de amizade e uni\u00e3o. Ao regressarem a casa, os Farrobinhas percebem que depois da tempestade vem a bonan\u00e7a e que, quando estamos perdidos, devemos manter a alegria, a bondade e a esperan\u00e7a! E n\u00e3o \u00e9 que, afinal, a Ceia de Natal estava a come\u00e7ar e eles tinham de arrumar o jogo trazido pela Tia Mimosa?!&#8230;.<\/p>\n<p>Esta nova aventura leva-nos a pensar nos comportamentos que devemos ter em rela\u00e7\u00e3o aos outros, que vivem longe e t\u00eam culturas diferentes, mas que s\u00e3o seres-humanos como n\u00f3s. E tamb\u00e9m nos faz pensar que desistir nunca \u00e9 uma solu\u00e7\u00e3o, pois para todos os problemas h\u00e1 uma resposta, desde que sejamos alegres, bondosos e olhemos o mundo e os outros com esperan\u00e7a. E \u00e9 essa a magia do Natal: nunca perder os valores da solidariedade, da entreajuda, do amor ao pr\u00f3ximo, nem os sonhos de crian\u00e7a![\/vc_column_text][vc_row_inner][vc_column_inner width=&#8221;1\/4&#8243;][vc_btn title=&#8221;IN\u00cdCIO&#8221; style=&#8221;outline-custom&#8221; outline_custom_color=&#8221;#000000&#8243; outline_custom_hover_background=&#8221;#000000&#8243; outline_custom_hover_text=&#8221;#ffffff&#8221; shape=&#8221;square&#8221; align=&#8221;center&#8221; button_block=&#8221;true&#8221; link=&#8221;url:https%3A%2F%2Ffarrobinhas.cm-faro.pt%2F|title:In%C3%ADcio||&#8221;][\/vc_column_inner][vc_column_inner width=&#8221;1\/4&#8243;][vc_btn title=&#8221;VER LIVRO&#8221; style=&#8221;outline-custom&#8221; outline_custom_color=&#8221;#000000&#8243; outline_custom_hover_background=&#8221;#000000&#8243; outline_custom_hover_text=&#8221;#ffffff&#8221; shape=&#8221;square&#8221; align=&#8221;center&#8221; button_block=&#8221;true&#8221; link=&#8221;url:https%3A%2F%2Ffarrobinhas.cm-faro.pt%2Fperdidos-no-oeste%2F%23livro|||&#8221;][\/vc_column_inner][vc_column_inner width=&#8221;1\/2&#8243;][vc_btn title=&#8221;DESCARREGAR LIVRO&#8221; style=&#8221;outline-custom&#8221; outline_custom_color=&#8221;#000000&#8243; outline_custom_hover_background=&#8221;#000000&#8243; outline_custom_hover_text=&#8221;#ffffff&#8221; shape=&#8221;square&#8221; align=&#8221;center&#8221; button_block=&#8221;true&#8221; link=&#8221;url:https%3A%2F%2Ffarrobinhas.cm-faro.pt%2Fwp-content%2Fuploads%2F2021%2F09%2F10_PerdidosNoOeste_DescarregarLivro.pdf|||&#8221;][\/vc_column_inner][\/vc_row_inner][\/vc_column][\/vc_row][vc_row full_width=&#8221;stretch_row&#8221; el_id=&#8221;pc&#8221;][vc_column width=&#8221;1\/2&#8243; offset=&#8221;vc_hidden-lg vc_hidden-sm vc_hidden-xs&#8221;][vc_single_image image=&#8221;1159&#8243; img_size=&#8221;large&#8221;][\/vc_column][vc_column width=&#8221;1\/2&#8243; offset=&#8221;vc_hidden-lg vc_hidden-sm vc_hidden-xs&#8221;][vc_column_text css=&#8221;.vc_custom_1630317350323{margin-bottom: 0px !important;}&#8221;]Os Farrobinhas estavam de regresso a Faro, depois de uma visita \u00e0 Tia Mimosa, que veio da Am\u00e9rica para passar o Natal com eles, quando, \u00e0 entrada da cidade, a entrada Faro-este, s\u00e3o surpreendidos por uma tempestade de areia. Rapidamente se d\u00e3o conta que foram transportados para o Oeste americano e a\u00ed conhecem Bella. Todos estavam perdidos devido \u00e0 tempestade de areia. Eug\u00e9nio tem uma ideia: o Farroba, com o seu faro, vai ajud\u00e1-los a encontrar algu\u00e9m! Ao caminharem pelo deserto s\u00e3o cercados por \u00edndios, que os levam para o seu acampamento. Quando l\u00e1 chegam tudo est\u00e1 destru\u00eddo: tendas e planta\u00e7\u00f5es. A tempestade de areia tamb\u00e9m ali fez estragos. Os \u00edndios reconhecem Bella, que \u00e9 filha do Xerife de Town e prometem lev\u00e1-los de volta no dia seguinte. Quando finalmente l\u00e1 chegam, os habitantes mostram-se apreensivos, mas o Xerife, muito grato por terem trazido a sua filha, pergunta ao Grande Chefe \u00c1guia-careca o que pode fazer para os ajudar. Ana tem uma ideia: porque n\u00e3o recolher roupas usadas para ajudar a refazer as tendas da tribo destru\u00eddas pela tempestade? O Xerife d\u00e1 o seu casaco e pede \u00e0 popula\u00e7\u00e3o que contribua tamb\u00e9m e[\/vc_column_text][\/vc_column][vc_column offset=&#8221;vc_hidden-lg vc_hidden-sm vc_hidden-xs&#8221;][vc_column_text css=&#8221;.vc_custom_1630317361616{margin-top: 0px !important;}&#8221;]muitas pe\u00e7as de roupa s\u00e3o colocadas na carruagem dos Farrobinhas. O Grande Chefe agradece e sela-se uma amizade entre os habitantes de Town e a tribo dos \u00edndios. Os Farrobinhas (com a ajuda de uma m\u00e1quina de costura inventada por Eug\u00e9nio) e um grupo de volunt\u00e1rios de Town criam bonitas e coloridas tendas novas e, para celebrar, fazem uma grande festa, que assinala aquele momento t\u00e3o especial de amizade e uni\u00e3o. Ao regressarem a casa, os Farrobinhas percebem que depois da tempestade vem a bonan\u00e7a e que, quando estamos perdidos, devemos manter a alegria, a bondade e a esperan\u00e7a! E n\u00e3o \u00e9 que, afinal, a Ceia de Natal estava a come\u00e7ar e eles tinham de arrumar o jogo trazido pela Tia Mimosa?!\u2026.<\/p>\n<p>Esta nova aventura leva-nos a pensar nos comportamentos que devemos ter em rela\u00e7\u00e3o aos outros, que vivem longe e t\u00eam culturas diferentes, mas que s\u00e3o seres-humanos como n\u00f3s. E tamb\u00e9m nos faz pensar que desistir nunca \u00e9 uma solu\u00e7\u00e3o, pois para todos os problemas h\u00e1 uma resposta, desde que sejamos alegres, bondosos e olhemos o mundo e os outros com esperan\u00e7a. E \u00e9 essa a magia do Natal: nunca perder os valores da solidariedade, da entreajuda, do amor ao pr\u00f3ximo, nem os sonhos de crian\u00e7a![\/vc_column_text][vc_row_inner][vc_column_inner width=&#8221;1\/4&#8243;][vc_btn title=&#8221;IN\u00cdCIO&#8221; style=&#8221;outline-custom&#8221; outline_custom_color=&#8221;#000000&#8243; outline_custom_hover_background=&#8221;#000000&#8243; outline_custom_hover_text=&#8221;#ffffff&#8221; shape=&#8221;square&#8221; align=&#8221;center&#8221; button_block=&#8221;true&#8221; link=&#8221;url:https%3A%2F%2Ffarrobinhas.cm-faro.pt%2F|title:In%C3%ADcio||&#8221;][\/vc_column_inner][vc_column_inner width=&#8221;1\/4&#8243;][vc_btn title=&#8221;VER LIVRO&#8221; style=&#8221;outline-custom&#8221; outline_custom_color=&#8221;#000000&#8243; outline_custom_hover_background=&#8221;#000000&#8243; outline_custom_hover_text=&#8221;#ffffff&#8221; shape=&#8221;square&#8221; align=&#8221;center&#8221; button_block=&#8221;true&#8221; link=&#8221;url:https%3A%2F%2Ffarrobinhas.cm-faro.pt%2Fperdidos-no-oeste%2F%23livro|||&#8221;][\/vc_column_inner][vc_column_inner width=&#8221;1\/2&#8243;][vc_btn title=&#8221;DESCARREGAR LIVRO&#8221; style=&#8221;outline-custom&#8221; outline_custom_color=&#8221;#000000&#8243; outline_custom_hover_background=&#8221;#000000&#8243; outline_custom_hover_text=&#8221;#ffffff&#8221; shape=&#8221;square&#8221; align=&#8221;center&#8221; button_block=&#8221;true&#8221; link=&#8221;url:https%3A%2F%2Ffarrobinhas.cm-faro.pt%2Fwp-content%2Fuploads%2F2021%2F09%2F10_PerdidosNoOeste_DescarregarLivro.pdf|||&#8221;][\/vc_column_inner][\/vc_row_inner][\/vc_column][\/vc_row][vc_row full_width=&#8221;stretch_row&#8221; el_id=&#8221;tablet&#8221;][vc_column offset=&#8221;vc_hidden-lg vc_hidden-md vc_hidden-xs&#8221;][vc_row_inner][vc_column_inner width=&#8221;1\/6&#8243;][\/vc_column_inner][vc_column_inner width=&#8221;4\/6&#8243;][vc_single_image image=&#8221;1159&#8243; img_size=&#8221;large&#8221;][\/vc_column_inner][vc_column_inner width=&#8221;1\/6&#8243;][\/vc_column_inner][\/vc_row_inner][vc_column_text]Os Farrobinhas estavam de regresso a Faro, depois de uma visita \u00e0 Tia Mimosa, que veio da Am\u00e9rica para passar o Natal com eles, quando, \u00e0 entrada da cidade, a entrada Faro-este, s\u00e3o surpreendidos por uma tempestade de areia. Rapidamente se d\u00e3o conta que foram transportados para o Oeste americano e a\u00ed conhecem Bella. Todos estavam perdidos devido \u00e0 tempestade de areia. Eug\u00e9nio tem uma ideia: o Farroba, com o seu faro, vai ajud\u00e1-los a encontrar algu\u00e9m! Ao caminharem pelo deserto s\u00e3o cercados por \u00edndios, que os levam para o seu acampamento. Quando l\u00e1 chegam tudo est\u00e1 destru\u00eddo: tendas e planta\u00e7\u00f5es. A tempestade de areia tamb\u00e9m ali fez estragos. Os \u00edndios reconhecem Bella, que \u00e9 filha do Xerife de Town e prometem lev\u00e1-los de volta no dia seguinte. Quando finalmente l\u00e1 chegam, os habitantes mostram-se apreensivos, mas o Xerife, muito grato por terem trazido a sua filha, pergunta ao Grande Chefe \u00c1guia-careca o que pode fazer para os ajudar. Ana tem uma ideia: porque n\u00e3o recolher roupas usadas para ajudar a refazer as tendas da tribo destru\u00eddas pela tempestade? O Xerife d\u00e1 o seu casaco e pede \u00e0 popula\u00e7\u00e3o que contribua tamb\u00e9m e muitas pe\u00e7as de roupa s\u00e3o colocadas na carruagem dos Farrobinhas. O Grande Chefe agradece e sela-se uma amizade entre os habitantes de Town e a tribo dos \u00edndios. Os Farrobinhas (com a ajuda de uma m\u00e1quina de costura inventada por Eug\u00e9nio) e um grupo de volunt\u00e1rios de Town criam bonitas e coloridas tendas novas e, para celebrar, fazem uma grande festa, que assinala aquele momento t\u00e3o especial de amizade e uni\u00e3o. Ao regressarem a casa, os Farrobinhas percebem que depois da tempestade vem a bonan\u00e7a e que, quando estamos perdidos, devemos manter a alegria, a bondade e a esperan\u00e7a! E n\u00e3o \u00e9 que, afinal, a Ceia de Natal estava a come\u00e7ar e eles tinham de arrumar o jogo trazido pela Tia Mimosa?!&#8230;.<\/p>\n<p>Esta nova aventura leva-nos a pensar nos comportamentos que devemos ter em rela\u00e7\u00e3o aos outros, que vivem longe e t\u00eam culturas diferentes, mas que s\u00e3o seres-humanos como n\u00f3s. E tamb\u00e9m nos faz pensar que desistir nunca \u00e9 uma solu\u00e7\u00e3o, pois para todos os problemas h\u00e1 uma resposta, desde que sejamos alegres, bondosos e olhemos o mundo e os outros com esperan\u00e7a. E \u00e9 essa a magia do Natal: nunca perder os valores da solidariedade, da entreajuda, do amor ao pr\u00f3ximo, nem os sonhos de crian\u00e7a![\/vc_column_text][vc_row_inner][vc_column_inner width=&#8221;1\/4&#8243;][vc_btn title=&#8221;IN\u00cdCIO&#8221; style=&#8221;outline-custom&#8221; outline_custom_color=&#8221;#000000&#8243; outline_custom_hover_background=&#8221;#000000&#8243; outline_custom_hover_text=&#8221;#ffffff&#8221; shape=&#8221;square&#8221; align=&#8221;center&#8221; button_block=&#8221;true&#8221; link=&#8221;url:https%3A%2F%2Ffarrobinhas.cm-faro.pt%2F|title:In%C3%ADcio||&#8221;][\/vc_column_inner][vc_column_inner width=&#8221;1\/4&#8243;][vc_btn title=&#8221;VER LIVRO&#8221; style=&#8221;outline-custom&#8221; outline_custom_color=&#8221;#000000&#8243; outline_custom_hover_background=&#8221;#000000&#8243; outline_custom_hover_text=&#8221;#ffffff&#8221; shape=&#8221;square&#8221; align=&#8221;center&#8221; button_block=&#8221;true&#8221; link=&#8221;url:https%3A%2F%2Ffarrobinhas.cm-faro.pt%2Fperdidos-no-oeste%2F%23livro|||&#8221;][\/vc_column_inner][vc_column_inner width=&#8221;1\/2&#8243;][vc_btn title=&#8221;DESCARREGAR LIVRO&#8221; style=&#8221;outline-custom&#8221; outline_custom_color=&#8221;#000000&#8243; outline_custom_hover_background=&#8221;#000000&#8243; outline_custom_hover_text=&#8221;#ffffff&#8221; shape=&#8221;square&#8221; align=&#8221;center&#8221; button_block=&#8221;true&#8221; link=&#8221;url:https%3A%2F%2Ffarrobinhas.cm-faro.pt%2Fwp-content%2Fuploads%2F2021%2F09%2F10_PerdidosNoOeste_DescarregarLivro.pdf|||&#8221;][\/vc_column_inner][\/vc_row_inner][\/vc_column][\/vc_row][vc_row full_width=&#8221;stretch_row&#8221;][vc_column][vc_empty_space height=&#8221;20px&#8221;][\/vc_column][\/vc_row][\/vc_section][vc_section el_id=&#8221;livro&#8221;][vc_row full_width=&#8221;stretch_row&#8221;][vc_column][vc_empty_space height=&#8221;40px&#8221;][vc_column_text]<div class=\"_df_book df-lite\" id=\"df_1142\"  _slug=\"perdidos-no-oeste\" data-title=\"perdidos-no-oeste\" wpoptions=\"true\" thumbtype=\"\" ><\/div><script class=\"df-shortcode-script\" nowprocket type=\"application\/javascript\">window.option_df_1142 = {\"outline\":[],\"backgroundColor\":\"#ffffff\",\"hard\":\"cover\",\"autoEnableOutline\":\"false\",\"autoEnableThumbnail\":\"false\",\"overwritePDFOutline\":\"false\",\"enableDownload\":\"false\",\"direction\":\"1\",\"pageSize\":\"0\",\"pageMode\":\"0\",\"controlsPosition\":\"hide\",\"soundEnable\":\"false\",\"autoPlay\":\"false\",\"autoPlayStart\":\"false\",\"source\":\"https:\\\/\\\/farrobinhas.cm-faro.pt\\\/wp-content\\\/uploads\\\/2021\\\/09\\\/10_PerdidosNoOeste_VerLivro.pdf\",\"wpOptions\":\"true\"}; if(window.DFLIP && window.DFLIP.parseBooks){window.DFLIP.parseBooks();}<\/script>[\/vc_column_text][\/vc_column][\/vc_row][\/vc_section][vc_section full_width=&#8221;stretch_row&#8221; disable_element=&#8221;yes&#8221; el_id=&#8221;aventuras&#8221;][vc_row][vc_column][vc_empty_space height=&#8221;40px&#8221;][vc_custom_heading text=&#8221;As Aventuras&#8221; font_container=&#8221;tag:h1|text_align:center&#8221; google_fonts=&#8221;font_family:Boogaloo%3Aregular|font_style:400%20regular%3A400%3Anormal&#8221;][\/vc_column][\/vc_row][vc_row][vc_column][vc_column_text][evc_image_gallery type=&#8221;carousel&#8221; image_behavior=&#8221;overlay&#8221; number_of_visible_items=&#8221;5&#8243; carousel_autoplay=&#8221;no&#8221; image_size=&#8221;large&#8221; custom_links=&#8221;https:\/\/farrobinhas.cm-faro.pt\/uma-aventura-de-natal\/, https:\/\/farrobinhas.cm-faro.pt\/uma-grande-caofusao\/, https:\/\/farrobinhas.cm-faro.pt\/os-segredos-da-aldeia-de-estoi\/, https:\/\/farrobinhas.cm-faro.pt\/o-enigma-do-gnomo\/, https:\/\/farrobinhas.cm-faro.pt\/a-descoberta-da-agua\/, https:\/\/farrobinhas.cm-faro.pt\/era-uma-vez-a-origem\/, https:\/\/farrobinhas.cm-faro.pt\/a-grande-missao\/, https:\/\/farrobinhas.cm-faro.pt\/campeoes-intergalaticos\/, https:\/\/farrobinhas.cm-faro.pt\/uma-aventura-em-casa\/, https:\/\/farrobinhas.cm-faro.pt\/perdidos-no-oeste\/, https:\/\/farrobinhas.cm-faro.pt\/desafio-virtual\/, https:\/\/farrobinhas.cm-faro.pt\/um-presente-especial\/, https:\/\/farrobinhas.cm-faro.pt\/ciclo-das-cascas\/, https:\/\/farrobinhas.cm-faro.pt\/zooniverso\/, https:\/\/farrobinhas.cm-faro.pt\/o-talisma-misterioso\/, https:\/\/farrobinhas.cm-faro.pt\/operacao-resgate-do-pai-natal&#8221; images=&#8221;925,926,927,928,929,930,931,932,987,1159,1372,1389,1459,1573,1640,1747&#8243;][vc_empty_space height=&#8221;30px&#8221;][\/vc_column_text][\/vc_column][\/vc_row][\/vc_section]<\/p>\n<\/div>","protected":false},"excerpt":{"rendered":"<p>[vc_section full_width=&#8221;stretch_row&#8221;][vc_row full_width=&#8221;stretch_row&#8221;][vc_column][vc_custom_heading text=&#8221;Perdidos no Oeste&#8221; font_container=&#8221;tag:h1|text_align:center&#8221; google_fonts=&#8221;font_family:Boogaloo%3Aregular|font_style:400%20regular%3A400%3Anormal&#8221;][vc_column_text css=&#8221;&#8221;] 2020 [\/vc_column_text][\/vc_column][\/vc_row][vc_row full_width=&#8221;stretch_row&#8221; el_id=&#8221;computer + mobile&#8221;][vc_column width=&#8221;1\/2&#8243; offset=&#8221;vc_hidden-md vc_hidden-sm&#8221;][vc_single_image image=&#8221;1159&#8243; img_size=&#8221;large&#8221;][\/vc_column][vc_column width=&#8221;1\/2&#8243; offset=&#8221;vc_hidden-md vc_hidden-sm&#8221;][vc_column_text]Os Farrobinhas estavam de regresso a Faro, depois de uma visita \u00e0 Tia Mimosa, que veio da Am\u00e9rica para passar o Natal com eles, quando, \u00e0 entrada da cidade, a entrada Faro-este, s\u00e3o surpreendidos por uma tempestade de areia. Rapidamente se d\u00e3o conta que foram transportados para o Oeste americano e a\u00ed conhecem Bella. Todos estavam perdidos devido \u00e0 tempestade de areia. Eug\u00e9nio tem uma ideia: o Farroba, com o seu faro, vai ajud\u00e1-los a encontrar algu\u00e9m! Ao caminharem pelo deserto s\u00e3o cercados por \u00edndios, que os levam para o seu acampamento. Quando l\u00e1 chegam tudo est\u00e1 destru\u00eddo: tendas e planta\u00e7\u00f5es. A tempestade de areia tamb\u00e9m ali fez estragos. Os \u00edndios reconhecem Bella, que \u00e9 filha do Xerife de Town e prometem lev\u00e1-los de volta no dia seguinte. Quando finalmente l\u00e1 chegam, os habitantes mostram-se apreensivos, mas o Xerife, muito grato por terem trazido a sua filha, pergunta ao Grande Chefe \u00c1guia-careca o que pode fazer para os ajudar. Ana tem uma ideia: porque n\u00e3o recolher roupas usadas para ajudar a refazer as tendas da tribo destru\u00eddas pela&#8230;<\/p>\n","protected":false},"author":1,"featured_media":0,"parent":0,"menu_order":0,"comment_status":"closed","ping_status":"closed","template":"","meta":{"footnotes":""},"_links":{"self":[{"href":"https:\/\/farrobinhas.cm-faro.pt\/index.php\/wp-json\/wp\/v2\/pages\/1137"}],"collection":[{"href":"https:\/\/farrobinhas.cm-faro.pt\/index.php\/wp-json\/wp\/v2\/pages"}],"about":[{"href":"https:\/\/farrobinhas.cm-faro.pt\/index.php\/wp-json\/wp\/v2\/types\/page"}],"author":[{"embeddable":true,"href":"https:\/\/farrobinhas.cm-faro.pt\/index.php\/wp-json\/wp\/v2\/users\/1"}],"replies":[{"embeddable":true,"href":"https:\/\/farrobinhas.cm-faro.pt\/index.php\/wp-json\/wp\/v2\/comments?post=1137"}],"version-history":[{"count":22,"href":"https:\/\/farrobinhas.cm-faro.pt\/index.php\/wp-json\/wp\/v2\/pages\/1137\/revisions"}],"predecessor-version":[{"id":1944,"href":"https:\/\/farrobinhas.cm-faro.pt\/index.php\/wp-json\/wp\/v2\/pages\/1137\/revisions\/1944"}],"wp:attachment":[{"href":"https:\/\/farrobinhas.cm-faro.pt\/index.php\/wp-json\/wp\/v2\/media?parent=1137"}],"curies":[{"name":"wp","href":"https:\/\/api.w.org\/{rel}","templated":true}]}}